?
False
Does 714 divide 13450925?
False
Does 50 divide 1975053520?
False
Is 93 a factor of 434137584?
False
Does 144 divide 250504016?
False
Does 111 divide 20745678?
True
Is 375 a factor of 2916226913?
False
Is 3917 a factor of 1299883869?
True
Does 1678 divide 2575542064?
True
Does 1427 divide 264567227?
True
Does 45 divide 60433830?
True
Is 707031 a multiple of 30?
False
Is 108 a factor of 1500409456?
False
Does 3 divide 5648274?
True
Is 17494737 a multiple of 39?
True
Is 276507144 a multiple of 4392?
True
Is 205996860 a multiple of 2412?
True
Is 38096494 a multiple of 70?
False
Is 256 a factor of 1246128627?
False
Is 11204985 a multiple of 55?
True
Does 397 divide 960811857?
True
Is 5872907131 a multiple of 3327?
False
Is 611811621 a multiple of 222?
False
Is 60 a factor of 91725960?
True
Is 4543 a factor of 472240307?
True
Is 123 a factor of 841727483?
False
Does 184 divide 1021933138?
False
Is 375186531 a multiple of 123?
True
Is 232 a factor of 8221848?
True
Is 988590342 a multiple of 57?
False
Is 2015451584 a multiple of 39?
False
Does 2679 divide 1357953792?
False
Is 1455269770 a multiple of 901?
False
Is 562708049 a multiple of 4?
False
Is 22114024 a multiple of 200?
False
Does 99 divide 89791676?
False
Does 687 divide 139447260?
True
Does 39 divide 84013077?
False
Does 770 divide 58168110?
True
Is 105 a factor of 35054866?
False
Is 8428671 a multiple of 81?
False
Is 178 a factor of 38070462?
True
Is 164 a factor of 4171482?
False
Is 21296705 a multiple of 971?
False
Is 14 a factor of 23635948?
True
Does 20 divide 871020586?
False
Is 218760848 a multiple of 556?
False
Is 423169300 a multiple of 10?
True
Is 6329525 a multiple of 5?
True
Does 3090 divide 292100790?
True
Does 203 divide 33556643?
False
Is 309910920 a multiple of 15?
True
Is 35772573 a multiple of 14?
False
Is 2778420 a multiple of 30?
True
Does 28 divide 21431284?
True
Is 27262593 a multiple of 86?
False
Does 520 divide 107947320?
True
Is 77306086 a multiple of 184?
False
Is 245556878 a multiple of 14?
True
Does 40 divide 14345880?
True
Is 66628056 a multiple of 138?
True
Is 13 a factor of 436426042?
True
Does 2131 divide 174168761?
True
Is 1432 a factor of 180432?
True
Is 174953034 a multiple of 18?
True
Is 48 a factor of 34935264?
True
Is 191690990 a multiple of 1310?
True
Does 143 divide 12946524?
False
Is 109098355 a multiple of 661?
False
Is 333 a factor of 37525437?
True
Is 24 a factor of 92282544?
True
Is 721908457 a multiple of 242?
False
Is 666117493 a multiple of 18?
False
Is 1850701044 a multiple of 24?
False
Does 2463 divide 276165294?
False
Is 19 a factor of 95537561?
False
Does 4 divide 12183425?
False
Does 26 divide 270015486?
True
Is 137466960 a multiple of 1392?
True
Does 1355 divide 92173875?
True
Does 15 divide 7553308457?
False
Does 998 divide 24007888?
True
Is 1622015841 a multiple of 639?
False
Is 9 a factor of 989455851?
True
Does 41 divide 30819659?
True
Does 8 divide 97455520?
True
Is 930 a factor of 1080399192?
False
Is 490541532 a multiple of 2284?
True
Is 38331066 a multiple of 46?
False
Does 551 divide 1283074699?
False
Does 50 divide 6462916?
False
Does 48 divide 13255440?
True
Is 12216 a factor of 2041354680?
True
Is 233 a factor of 1034038622?
True
Does 4 divide 2773780?
True
Does 592 divide 6346832?
True
Is 13 a factor of 48346560?
False
Is 23 a factor of 12675369?
True
Is 38 a factor of 33148294?
False
Is 86369430 a multiple of 15?
True
Does 41 divide 26637937?
False
Is 1241 a factor of 4549972616?
True
Does 635 divide 1884045?
True
Is 8699994 a multiple of 8?
False
Is 8 a factor of 1365319135?
False
Does 38 divide 81877811?
False
Does 50 divide 140522850?
True
Does 518 divide 22184904?
True
Is 2834735360 a multiple of 17?
False
Is 17 a factor of 351917774?
False
Does 2774 divide 433093524?
True
Does 1402 divide 768210478?
True
Is 394562817 a multiple of 397?
True
Does 385 divide 1338850590?
True
Does 1110 divide 1098164913?
False
Is 322702460 a multiple of 20?
True
Is 29 a factor of 22978227?
False
Is 162 a factor of 60693138?
True
Is 43900293 a multiple of 1417?
False
Is 32 a factor of 110157312?
True
Is 246103872 a multiple of 4144?
True
Is 3491 a factor of 205305710?
True
Is 127 a factor of 98794105?
False
Does 3 divide 45200920?
False
Is 844484 a multiple of 18?
False
Does 996 divide 2559678133?
False
Is 344866423 a multiple of 1439?
True
Is 1125824635 a multiple of 923?
True
Is 96 a factor of 35568960?
True
Is 875 a factor of 14517840?
False
Does 1631 divide 218642704?
False
Is 730 a factor of 805733850?
True
Does 185 divide 4944259008?
False
Does 12 divide 18642936?
True
Does 4539 divide 66632520?
True
Is 78 a factor of 27975714?
True
Does 185 divide 205535?
True
Does 441 divide 618389163?
True
Is 415013013 a multiple of 7698?
False
Is 35739587 a multiple of 149?
True
Is 351216504 a multiple of 3670?
False
Is 21 a factor of 50858157?
True
Does 6345 divide 391860855?
True
Does 2457 divide 367442562?
False
Does 5 divide 5960432?
False
Is 47707990 a multiple of 339?
False
Is 4338374 a multiple of 4?
False
Is 32072529 a multiple of 10?
False
Is 113 a factor of 29945565?
True
Does 61 divide 392375546?
True
Is 37 a factor of 110359123?
True
Is 92 a factor of 247205326?
False
Is 14494635 a multiple of 435?
True
Does 1343 divide 26341584?
False
Is 644930342 a multiple of 17?
False
Does 16 divide 113088837?
False
Is 2078 a factor of 271485349?
False
Is 234825624 a multiple of 51?
True
Is 94156881 a multiple of 91?
True
Is 62 a factor of 308318808?
True
Is 980 a factor of 2032520?
True
Is 4096 a factor of 8821663?
False
Does 135 divide 62115525?
True
Is 279 a factor of 35277066?
False
Does 201 divide 8333058?
True
Is 23432522 a multiple of 385?
False
Is 185451870 a multiple of 13?
False
Does 1088 divide 197151040?
True
Is 2453269616 a multiple of 9?
False
Is 8139990 a multiple of 18?
False
Is 265288575 a multiple of 51?
False
Is 6786129 a multiple of 2?
False
Does 23 divide 26944017?
True
Is 259447720 a multiple of 530?
True
Does 4243 divide 135097120?
True
Is 1012 a factor of 25741232?
True
Does 128 divide 1193154048?
True
Is 3816 a factor of 3083328?
True
Is 20649361 a multiple of 105?
False
Is 1269 a factor of 3710666403?
True
Is 1803 a factor of 260550416?
False
Is 41 a factor of 2544671161?
False
Is 127783423 a multiple of 23?
True
Does 82 divide 41770964?
True
Is 133 a factor of 346468447?
False
Does 636 divide 178875000?
True
Is 46492840 a multiple of 20?
True
Is 13 a factor of 5212025?
True
Does 252 divide 90777204?
True
Does 9 divide 66484501?
False
Does 161 divide 7107345?
True
Does 78 divide 12895477?
False
Is 280 a factor of 17078040?
True
Is 51 a factor of 90668971?
False
Is 62 a factor of 3768813835?
False
Is 56 a factor of 18145792?
True
Is 3147 a factor of 1722906972?
True
Is 216858626 a multiple of 114?
False
Does 91 divide 2541985173?
True
Is 3700179 a multiple of 75?
False
Is 511 a factor of 105670201?
True
Is 26 a factor of 101042311?
False
Does 54 divide 52999866?
True
Is 275877143 a multiple of 2946?
False
Is 59967630 a multiple of 1030?
True
Does 272 divide 30345953?
False
Does 1542 divide 734932620?
True
Is 319263537 a multiple of 194?
False
Is 14 a factor of 1068298?
True
Is 780556767 a multiple of 37?
False
Is 76097675 a multiple of 84?
False
Does 42 divide 8650110?
True
Is 91 a factor of 4696373?
False
Does 34 divide 1402529173?
False
Is 156741483 a multiple of 1681?
True
Is 154661520 a multiple of 520?
True
Is 259067072 a multiple of 32?
True
Is 994202 a multiple of 22?
True
Does 3405 divide 1233752310?
False
Does 6 divide 1273141621?
False
Is 58 a factor of 58890184?
True
Is 220299555 a multiple of 236?
False
Is 1859524774 a multiple of 914?
True
Is 147595694 a multiple of 9?
False
Is 94 a factor of 325153896?
True
Is 41708022 a multiple of 258?
True
Is 22256928 a multiple of 36?
True
Does 65 divide 7737153?
False
Is 2385283310 a multiple of 525?
False
Does 10 divide 91443480?
True
Is 464855249 a multiple of 681?
False
Is 10 a factor of 255410740?
True
Does 18 divide 62756892?
True
Is 123160275 a multiple of 15?
True
Is 249 a factor of 287792208?
True
Does 20 divide 3716757960?
True
Is 65966384 a multiple of 83?
False
Is 6 a factor of 1216270?
False
Is 136441243 a multiple of 22?
False
Is 126 a factor of 2